
-c0
Convert 3a (base 13) to base 12.
41
Convert -233 (base 6) to base 11.
-85
-134 (base 15) to base 12
-1aa
Convert -3 (base 12) to base 5.
-3
What is -101 (base 2) in base 12?
-5
What is 1011 (base 2) in base 5?
21
What is 31 (base 16) in base 6?
121
Convert -3 (base 7) to base 12.
-3
What is -91 (base 16) in base 8?
-221
3 (base 4) to base 15
3
Convert a3 (base 13) to base 6.
341
8 (base 16) to base 2
1000
Convert -2c (base 16) to base 2.
-101100
3 (base 13) to base 15
3
Convert 10111 (base 2) to base 10.
23
-53 (base 6) to base 2
-100001
Convert -2 (base 6) to base 14.
-2
What is 8 (base 15) in base 5?
13
Convert 142 (base 5) to base 10.
47
What is -2 (base 15) in base 11?
-2
-11200 (base 3) to base 16
-7e
Convert -46 (base 14) to base 12.
-52
1 (base 5) to base 3
1
Convert 30 (base 14) to base 5.
132
What is -100 (base 2) in base 5?
-4
Convert -34 (base 10) to base 3.
-1021
Convert -21000 (base 3) to base 9.
-230
What is 5 (base 9) in base 6?
5
What is 1101 (base 3) in base 6?
101
-16f (base 16) to base 15
-197
What is -89 (base 11) in base 16?
-61
Convert -207 (base 8) to base 13.
-a5
-30 (base 13) to base 7
-54
-10 (base 8) to base 12
-8
What is 3 (base 9) in base 8?
3
What is 4 (base 10) in base 9?
4
-42 (base 5) to base 14
-18
What is -4d (base 14) in base 9?
-76
What is 2241 (base 5) in base 12?
229
What is -1c (base 16) in base 7?
-40
Convert -1 (base 4) to base 16.
-1
-1 (base 8) to base 16
-1
7 (base 11) to base 12
7
What is -22 (base 6) in base 5?
-24
-7b (base 14) to base 4
-1231
-6 (base 14) to base 9
-6
Convert 222 (base 10) to base 15.
ec
What is 2f (base 16) in base 12?
3b
Convert -82 (base 15) to base 14.
-8a
0 (base 6) to base 14
0
224 (base 8) to base 12
104
100000 (base 2) to base 3
1012
1 (base 15) to base 8
1
Convert 23 (base 11) to base 5.
100
253 (base 8) to base 6
443
Convert 23 (base 4) to base 6.
15
2 (base 13) to base 11
2
Convert -5 (base 12) to base 2.
-101
134 (base 6) to base 7
112
Convert 100 (base 4) to base 16.
10
Convert 5c (base 14) to base 12.
6a
What is 3 (base 12) in base 8?
3
-111 (base 2) to base 14
-7
What is 15 (base 6) in base 7?
14
Convert 120 (base 8) to base 3.
2222
Convert 35 (base 6) to base 3.
212
Convert 120 (base 5) to base 16.
23
What is 6 (base 14) in base 4?
12
What is 34 (base 14) in base 13?
37
What is 212 (base 5) in base 10?
57
What is -3 (base 5) in base 16?
-3
What is b (base 13) in base 4?
23
Convert -b (base 13) to base 8.
-13
What is 15 (base 7) in base 11?
11
Convert -4 (base 13) to base 14.
-4
-1010 (base 2) to base 15
-a
0 (base 8) to base 5
0
Convert -4 (base 8) to base 7.
-4
-3 (base 15) to base 12
-3
-5 (base 6) to base 9
-5
111001 (base 2) to base 16
39
-8 (base 11) to base 14
-8
-8 (base 13) to base 15
-8
What is -34 (base 16) in base 15?
-37
What is 65 (base 8) in base 11?
49
21 (base 12) to base 9
27
What is -1 (base 5) in base 8?
-1
Convert 11100011 (base 2) to base 7.
443
11 (base 9) to base 6
14
What is 10000 (base 2) in base 6?
24
Convert -27 (base 16) to base 11.
-36
-2121 (base 3) to base 13
-55
Convert -1131 (base 4) to base 7.
-162
Convert -1 (base 2) to base 15.
-1
Convert 246 (base 12) to base 11.
291
What is a (base 14) in base 5?
20
What is -11000 (base 2) in base 14?
-1a
What is -18 (base 10) in base 5?
-33
What is -1 (base 2) in base 6?
-1
2 (base 10) to base 11
2
Convert -3 (base 7) to base 3.
-10
-43 (base 7) to base 6
-51
30 (base 7) to base 3
210
-b9 (base 13) to base 14
-ac
-1122 (base 3) to base 10
-44
What is -1 (base 10) in base 13?
-1
-12 (base 7) to base 14
-9
What is 12 (base 9) in base 14?
b
Convert 1 (base 4) to base 5.
1
What is 2 (base 15) in base 10?
2
What is 1120 (base 3) in base 14?
30
b1 (base 15) to base 11
141
-1b (base 16) to base 9
-30
-10 (base 10) to base 13
-a
Convert -8 (base 10) to base 15.
-8
Convert -101 (base 3) to base 7.
-13
What is -4 (base 12) in base 15?
-4
What is -222 (base 4) in base 12?
-36
28 (base 11) to base 10
30
62 (base 13) to base 3
2222
-20100 (base 3) to base 14
-c3
What is 1010 (base 2) in base 15?
a
-2 (base 11) to base 10
-2
What is -110 (base 2) in base 6?
-10
What is 2231 (base 4) in base 10?
173
Convert 4 (base 5) to base 2.
100
Convert -2 (base 10) to base 2.
-10
Convert 3 (base 6) to base 7.
3
3 (base 12) to base 4
3
Convert 0 (base 11) to base 3.
0
What is 6 (base 10) in base 6?
10
-4 (base 8) to base 2
-100
What is -3103 (base 4) in base 6?
-551
What is 54 (base 6) in base 16?
22
-410 (base 5) to base 3
-10220
Convert 10 (base 4) to base 16.
4
11011 (base 2) to base 6
43
Convert -10112 (base 3) to base 15.
-65
What is -2103 (base 4) in base 3?
-12110
What is -556 (base 8) in base 13?
-222
Convert -20 (base 7) to base 5.
-24
-10 (base 8) to base 3
-22
-211 (base 3) to base 13
-19
What is 2032 (base 4) in base 14?
a2
Convert 17 (base 8) to base 9.
16
0 (base 8) to base 7
0
-2 (base 13) to base 4
-2
What is 148 (base 9) in base 5?
1000
Convert 4 (base 14) to base 7.
4
22 (base 7) to base 8
20
-8 (base 15) to base 12
-8
Convert 52 (base 10) to base 16.
34
What is -2 (base 8) in base 2?
-10
-432 (base 6) to base 9
-202
41 (base 14) to base 3
2010
-51 (base 16) to base 10
-81
Convert b (base 14) to base 8.
13
Convert -1111 (base 2) to base 13.
-12
Convert -57 (base 13) to base 7.
-132
-3 (base 8) to base 9
-3
Convert -140 (base 5) to base 6.
-113
d (base 14) to base 5
23
4 (base 15) to base 9
4
What is -3 (base 16) in base 6?
-3
What is 3 (base 16) in base 3?
10
Convert 2000 (base 4) to base 12.
a8
1 (base 2) to base 8
1
Convert -152 (base 7) to base 3.
-10012
What is 14 (base 15) in base 4?
103
What is 302 (base 5) in base 4?
1031
181 (base 12) to base 3
22221
What is -102 (base 3) in base 16?
-b
Convert 10 (base 8) to base 11.
8
What is 31 (base 4) in base 11?
12
Convert -150 (base 8) to base 4.
-1220
Convert -1 (base 15) to base 6.
-1
Convert -10100010 (base 2) to base 11.
-138
Convert -b (base 13) to base 11.
-10
10 (base 7) to base 8
7
Convert 0 (base 13) to base 9.
0
Convert 280 (base 9) to base 12.
176
What is -1 (base 11) in base 9?
-1
Convert -67 (base 15) to base 12.
-81
-20 (base 11) to base 13
-19
11 (base 6) to base 5
12
Convert -6 (base 11) to base 5.
-11
What is -8 (base 14) in base 6?
-12
2 (base 9) to base 2
10
4 (base 10) to base 5
4
-1000011 (base 2) to base 14
-4b
Convert 0 (base 10) to base 4.
0
22 (base 5) to base 3
110
Convert 18 (base 13) to base 12.
19
What is 22 (base 5) in base 13?
c
What is -121 (base 5) in base 10?
-36
242 (base 7) to base 11
107
10 (base 2) to base 5
2
What is 6 (base 8) in base 13?
6
Convert 5 (base 12) to base 11.
5
What is -2021 (base 4) in base 9?
-162
What is 44 (base 9) in base 8?
50
What is 350 (base 9) in base 6?
1200
Convert 0 (base 4) to base 13.
0
1 (base 7) to base 11
1
-a1 (base 13) to base 4
-2003
Convert -2 (base 12) to base 7.
-2
Convert -102202 (base 3) to base 15.
-162
Convert a (base 16) to base 3.
101
Convert -3 (base 10) to base 16.
-3
What is c1 (base 13) in base 6?
421
-211 (base 3) to base 4
-112
Convert -13 (base 8) to base 7.
-14
-2 (base 12) to base 16
-2
6 (base 8) to base 15
6
Convert -4 (base 10) to base 6.
-4
2303 (base 4) to base 16
b3
What is -40 (base 5) in base 3?
-202
What is 0 (base 11) in base 3?
0
Convert -10a (base 15) to base 6.
-1031
Convert -1b (base 14) to base 10.
-25
1 (base 4) to base 7
1
Convert -55 (base 8) to base 10.
-45
Convert -2 (base 7) to base 16.
-2
What is 4 (base 9) in base 13?
4
Convert 27 (base 16) to base 2.
100111
Convert 101 (base 4) to base 8.
21
2b (base 12) to base 6
55
Convert -39 (base 12) to base 3.
-1200
6 (base 9) to base 11
6
Convert -10001101 (base 2) to base 9.
-166
4 (base 15) to base 7
4
What is -6 (base 7) in base 10?
-6
9 (base 10) to base 7
12
230 (base 7) to base 5
434
What is 41 (base 9) in base 14?
29
0 (base 13) to base 2
0
What is -32 (base 12) in base 9?
-42
-a (base 13) to base 4
-22
Convert -1 (base 12) to base 16.
-1
What is -1112 (base 3) in base 11?
-38
What is -104 (base 5) in base 3?
-1002
-121 (base 4) to base 3
-221
What is -1 (base 15) in base 12?
-1
What is 250 (base 7) in base 11?
111
Convert -10 (base 15) to base 14.
-11
33 (base 9) to base 6
50
14 (base 7) to base 6
15
Convert -24 (base 13) to base 8.
-36
4 (base 13) to base 12
4
Convert -41 (base 12